{"id":557,"date":"2021-02-09T09:22:03","date_gmt":"2021-02-09T09:22:03","guid":{"rendered":"https:\/\/tabsmexico.com\/?page_id=557"},"modified":"2021-02-10T06:51:50","modified_gmt":"2021-02-10T06:51:50","slug":"camaras-videovigilancia","status":"publish","type":"page","link":"https:\/\/tabsmexico.com\/index.php\/camaras-videovigilancia\/","title":{"rendered":"C\u00e1maras videovigilancia"},"content":{"rendered":"\t\t<div data-elementor-type=\"wp-page\" data-elementor-id=\"557\" class=\"elementor elementor-557\" data-elementor-settings=\"[]\">\n\t\t\t\t\t\t<div class=\"elementor-inner\">\n\t\t\t\t\t\t\t<div class=\"elementor-section-wrap\">\n\t\t\t\t\t\t\t<section class=\"elementor-section elementor-top-section elementor-element elementor-element-c37b667 elementor-section-content-middle elementor-section-boxed elementor-section-height-default elementor-section-height-default\" data-id=\"c37b667\" data-element_type=\"section\">\n\t\t\t\t\t\t<div class=\"elementor-container elementor-column-gap-no\">\n\t\t\t\t\t\t\t<div class=\"elementor-row\">\n\t\t\t\t\t<div class=\"elementor-column elementor-col-50 elementor-top-column elementor-element elementor-element-17af7ddd\" data-id=\"17af7ddd\" data-element_type=\"column\">\n\t\t\t<div class=\"elementor-column-wrap elementor-element-populated\">\n\t\t\t\t\t\t\t<div class=\"elementor-widget-wrap\">\n\t\t\t\t\t\t<div class=\"elementor-element elementor-element-49403256 elementor-widget elementor-widget-heading\" data-id=\"49403256\" data-element_type=\"widget\" data-widget_type=\"heading.default\">\n\t\t\t\t<div class=\"elementor-widget-container\">\n\t\t\t<h4 class=\"elementor-heading-title elementor-size-default\">\u00bfQu\u00e9 resoluci\u00f3n necesito que tengan mis c\u00e1maras?<\/h4>\t\t<\/div>\n\t\t\t\t<\/div>\n\t\t\t\t<div class=\"elementor-element elementor-element-33d086de elementor-widget elementor-widget-text-editor\" data-id=\"33d086de\" data-element_type=\"widget\" data-widget_type=\"text-editor.default\">\n\t\t\t\t<div class=\"elementor-widget-container\">\n\t\t\t\t\t\t\t\t<div class=\"elementor-text-editor elementor-clearfix\">\n\t\t\t\t<p>Lo primero que debo pensar es:\u00a0<span style=\"font-style: inherit; font-weight: inherit; font-family: var( --e-global-typography-text-font-family ), Sans-serif;\">\u00bfQu\u00e9 calidad de imagen necesito?<\/span><\/p><p>As\u00ed podre ver con claridad las grabaciones, en segundo lugar se puede pensar en cuantas ya que una c\u00e1mara bien ubicada puede dar el valor de dos o mas.<\/p>\t\t\t\t\t<\/div>\n\t\t\t\t\t\t<\/div>\n\t\t\t\t<\/div>\n\t\t\t\t\t\t<\/div>\n\t\t\t\t\t<\/div>\n\t\t<\/div>\n\t\t\t\t<div class=\"elementor-column elementor-col-50 elementor-top-column elementor-element elementor-element-7911a07b\" data-id=\"7911a07b\" data-element_type=\"column\">\n\t\t\t<div class=\"elementor-column-wrap elementor-element-populated\">\n\t\t\t\t\t\t\t<div class=\"elementor-widget-wrap\">\n\t\t\t\t\t\t<div class=\"elementor-element elementor-element-1a113e49 elementor-aspect-ratio-169 elementor-widget elementor-widget-video\" data-id=\"1a113e49\" data-element_type=\"widget\" data-settings=\"{&quot;youtube_url&quot;:&quot;https:\\\/\\\/www.youtube.com\\\/watch?v=JgZtjfjJ4eM&quot;,&quot;video_type&quot;:&quot;youtube&quot;,&quot;controls&quot;:&quot;yes&quot;,&quot;aspect_ratio&quot;:&quot;169&quot;}\" data-widget_type=\"video.default\">\n\t\t\t\t<div class=\"elementor-widget-container\">\n\t\t\t\t\t<div class=\"elementor-wrapper elementor-fit-aspect-ratio elementor-open-inline\">\n\t\t\t<div class=\"elementor-video\"><\/div>\t\t<\/div>\n\t\t\t\t<\/div>\n\t\t\t\t<\/div>\n\t\t\t\t\t\t<\/div>\n\t\t\t\t\t<\/div>\n\t\t<\/div>\n\t\t\t\t\t\t\t\t<\/div>\n\t\t\t\t\t<\/div>\n\t\t<\/section>\n\t\t\t\t<section class=\"elementor-section elementor-top-section elementor-element elementor-element-5a9cc40 elementor-section-boxed elementor-section-height-default elementor-section-height-default\" data-id=\"5a9cc40\" data-element_type=\"section\">\n\t\t\t\t\t\t<div class=\"elementor-container elementor-column-gap-default\">\n\t\t\t\t\t\t\t<div class=\"elementor-row\">\n\t\t\t\t\t<div class=\"elementor-column elementor-col-50 elementor-top-column elementor-element elementor-element-4aa8af0\" data-id=\"4aa8af0\" data-element_type=\"column\">\n\t\t\t<div class=\"elementor-column-wrap elementor-element-populated\">\n\t\t\t\t\t\t\t<div class=\"elementor-widget-wrap\">\n\t\t\t\t\t\t<div class=\"elementor-element elementor-element-fe5153e elementor-widget elementor-widget-image\" data-id=\"fe5153e\" data-element_type=\"widget\" data-widget_type=\"image.default\">\n\t\t\t\t<div class=\"elementor-widget-container\">\n\t\t\t\t\t\t\t\t<div class=\"elementor-image\">\n\t\t\t\t\t\t\t\t\t\t\t\t<img width=\"1000\" height=\"544\" src=\"https:\/\/tabsmexico.com\/wp-content\/uploads\/2021\/02\/resoluciones-hd-uhd-4k.png\" class=\"attachment-large size-large\" alt=\"\" loading=\"lazy\" srcset=\"https:\/\/tabsmexico.com\/wp-content\/uploads\/2021\/02\/resoluciones-hd-uhd-4k.png 1000w, https:\/\/tabsmexico.com\/wp-content\/uploads\/2021\/02\/resoluciones-hd-uhd-4k-300x163.png 300w, https:\/\/tabsmexico.com\/wp-content\/uploads\/2021\/02\/resoluciones-hd-uhd-4k-768x418.png 768w\" sizes=\"(max-width: 1000px) 100vw, 1000px\" \/>\t\t\t\t\t\t\t\t\t\t\t\t\t\t<\/div>\n\t\t\t\t\t\t<\/div>\n\t\t\t\t<\/div>\n\t\t\t\t\t\t<\/div>\n\t\t\t\t\t<\/div>\n\t\t<\/div>\n\t\t\t\t<div class=\"elementor-column elementor-col-50 elementor-top-column elementor-element elementor-element-47474aa\" data-id=\"47474aa\" data-element_type=\"column\">\n\t\t\t<div class=\"elementor-column-wrap elementor-element-populated\">\n\t\t\t\t\t\t\t<div class=\"elementor-widget-wrap\">\n\t\t\t\t\t\t<div class=\"elementor-element elementor-element-04cccbb elementor-widget elementor-widget-heading\" data-id=\"04cccbb\" data-element_type=\"widget\" data-widget_type=\"heading.default\">\n\t\t\t\t<div class=\"elementor-widget-container\">\n\t\t\t<h2 class=\"elementor-heading-title elementor-size-default\">Otra forma de ver la resoluci\u00f3n es como la imagen de la izquierda.<\/h2>\t\t<\/div>\n\t\t\t\t<\/div>\n\t\t\t\t<div class=\"elementor-element elementor-element-b19f70b elementor-widget elementor-widget-text-editor\" data-id=\"b19f70b\" data-element_type=\"widget\" data-widget_type=\"text-editor.default\">\n\t\t\t\t<div class=\"elementor-widget-container\">\n\t\t\t\t\t\t\t\t<div class=\"elementor-text-editor elementor-clearfix\">\n\t\t\t\t<p>Para darnos una idea, la imagen de la izquierda es una representaci\u00f3n del tama\u00f1o de imagen, en relaci\u00f3n a los pixeles, ejemplo: un monitor de 18 pulgadas normalmente tiene una resoluci\u00f3n de 1080&#215;720 pixeles.<\/p><p>\u00bfy como se cuales me est\u00e1n instalando?<\/p>\t\t\t\t\t<\/div>\n\t\t\t\t\t\t<\/div>\n\t\t\t\t<\/div>\n\t\t\t\t\t\t<\/div>\n\t\t\t\t\t<\/div>\n\t\t<\/div>\n\t\t\t\t\t\t\t\t<\/div>\n\t\t\t\t\t<\/div>\n\t\t<\/section>\n\t\t\t\t<section class=\"elementor-section elementor-top-section elementor-element elementor-element-ab43963 elementor-section-boxed elementor-section-height-default elementor-section-height-default\" data-id=\"ab43963\" data-element_type=\"section\">\n\t\t\t\t\t\t<div class=\"elementor-container elementor-column-gap-default\">\n\t\t\t\t\t\t\t<div class=\"elementor-row\">\n\t\t\t\t\t<div class=\"elementor-column elementor-col-100 elementor-top-column elementor-element elementor-element-1536a6f\" data-id=\"1536a6f\" data-element_type=\"column\">\n\t\t\t<div class=\"elementor-column-wrap elementor-element-populated\">\n\t\t\t\t\t\t\t<div class=\"elementor-widget-wrap\">\n\t\t\t\t\t\t<div class=\"elementor-element elementor-element-dffe92c elementor-widget elementor-widget-heading\" data-id=\"dffe92c\" data-element_type=\"widget\" data-widget_type=\"heading.default\">\n\t\t\t\t<div class=\"elementor-widget-container\">\n\t\t\t<h2 class=\"elementor-heading-title elementor-size-default\">Nota: Los kits mas comunes en el mercado son de 2, 4, 8 y 16 c\u00e1maras.<\/h2>\t\t<\/div>\n\t\t\t\t<\/div>\n\t\t\t\t\t\t<\/div>\n\t\t\t\t\t<\/div>\n\t\t<\/div>\n\t\t\t\t\t\t\t\t<\/div>\n\t\t\t\t\t<\/div>\n\t\t<\/section>\n\t\t\t\t<section class=\"elementor-section elementor-top-section elementor-element elementor-element-21851c6 elementor-section-boxed elementor-section-height-default elementor-section-height-default\" data-id=\"21851c6\" data-element_type=\"section\">\n\t\t\t\t\t\t<div class=\"elementor-container elementor-column-gap-default\">\n\t\t\t\t\t\t\t<div class=\"elementor-row\">\n\t\t\t\t\t<div class=\"elementor-column elementor-col-100 elementor-top-column elementor-element elementor-element-e4f3261\" data-id=\"e4f3261\" data-element_type=\"column\">\n\t\t\t<div class=\"elementor-column-wrap elementor-element-populated\">\n\t\t\t\t\t\t\t<div class=\"elementor-widget-wrap\">\n\t\t\t\t\t\t<div class=\"elementor-element elementor-element-bf1aacf elementor-widget elementor-widget-image\" data-id=\"bf1aacf\" data-element_type=\"widget\" data-widget_type=\"image.default\">\n\t\t\t\t<div class=\"elementor-widget-container\">\n\t\t\t\t\t\t\t\t<div class=\"elementor-image\">\n\t\t\t\t\t\t\t\t\t\t\t\t<img width=\"1024\" height=\"576\" src=\"https:\/\/tabsmexico.com\/wp-content\/uploads\/2021\/02\/Partes-que-componen-un-kit-de-camaras-dev2-min-1024x576.jpg\" class=\"attachment-large size-large\" alt=\"\" loading=\"lazy\" srcset=\"https:\/\/tabsmexico.com\/wp-content\/uploads\/2021\/02\/Partes-que-componen-un-kit-de-camaras-dev2-min-1024x576.jpg 1024w, https:\/\/tabsmexico.com\/wp-content\/uploads\/2021\/02\/Partes-que-componen-un-kit-de-camaras-dev2-min-300x169.jpg 300w, https:\/\/tabsmexico.com\/wp-content\/uploads\/2021\/02\/Partes-que-componen-un-kit-de-camaras-dev2-min-768x432.jpg 768w, https:\/\/tabsmexico.com\/wp-content\/uploads\/2021\/02\/Partes-que-componen-un-kit-de-camaras-dev2-min.jpg 1280w\" sizes=\"(max-width: 1024px) 100vw, 1024px\" \/>\t\t\t\t\t\t\t\t\t\t\t\t\t\t<\/div>\n\t\t\t\t\t\t<\/div>\n\t\t\t\t<\/div>\n\t\t\t\t\t\t<\/div>\n\t\t\t\t\t<\/div>\n\t\t<\/div>\n\t\t\t\t\t\t\t\t<\/div>\n\t\t\t\t\t<\/div>\n\t\t<\/section>\n\t\t\t\t\t\t<\/div>\n\t\t\t\t\t\t<\/div>\n\t\t\t\t\t<\/div>\n\t\t","protected":false},"excerpt":{"rendered":"<p>\u00bfQu\u00e9 resoluci\u00f3n necesito que tengan mis c\u00e1maras? Lo primero que debo pensar es:\u00a0\u00bfQu\u00e9 calidad de imagen necesito? As\u00ed podre ver con claridad las grabaciones, en segundo lugar se puede pensar en cuantas ya que una c\u00e1mara bien ubicada puede dar el valor de dos o mas. https:\/\/www.youtube.com\/watch?v=JgZtjfjJ4eM Otra forma de ver la resoluci\u00f3n es como &hellip;<\/p>\n<p class=\"read-more\"> <a class=\"\" href=\"https:\/\/tabsmexico.com\/index.php\/camaras-videovigilancia\/\"> <span class=\"screen-reader-text\">C\u00e1maras videovigilancia<\/span> Read More &raquo;<\/a><\/p>\n","protected":false},"author":1,"featured_media":0,"parent":0,"menu_order":0,"comment_status":"closed","ping_status":"closed","template":"","meta":[],"_links":{"self":[{"href":"https:\/\/tabsmexico.com\/index.php\/wp-json\/wp\/v2\/pages\/557"}],"collection":[{"href":"https:\/\/tabsmexico.com\/index.php\/wp-json\/wp\/v2\/pages"}],"about":[{"href":"https:\/\/tabsmexico.com\/index.php\/wp-json\/wp\/v2\/types\/page"}],"author":[{"embeddable":true,"href":"https:\/\/tabsmexico.com\/index.php\/wp-json\/wp\/v2\/users\/1"}],"replies":[{"embeddable":true,"href":"https:\/\/tabsmexico.com\/index.php\/wp-json\/wp\/v2\/comments?post=557"}],"version-history":[{"count":30,"href":"https:\/\/tabsmexico.com\/index.php\/wp-json\/wp\/v2\/pages\/557\/revisions"}],"predecessor-version":[{"id":642,"href":"https:\/\/tabsmexico.com\/index.php\/wp-json\/wp\/v2\/pages\/557\/revisions\/642"}],"wp:attachment":[{"href":"https:\/\/tabsmexico.com\/index.php\/wp-json\/wp\/v2\/media?parent=557"}],"curies":[{"name":"wp","href":"https:\/\/api.w.org\/{rel}","templated":true}]}}