{"id":600,"date":"2021-02-10T04:27:07","date_gmt":"2021-02-10T04:27:07","guid":{"rendered":"https:\/\/tabsmexico.com\/?page_id=600"},"modified":"2021-02-10T05:12:30","modified_gmt":"2021-02-10T05:12:30","slug":"servidores-y-equipo-de-computo","status":"publish","type":"page","link":"https:\/\/tabsmexico.com\/index.php\/servidores-y-equipo-de-computo\/","title":{"rendered":"Servidores y equipo de computo"},"content":{"rendered":"\t\t<div data-elementor-type=\"wp-page\" data-elementor-id=\"600\" class=\"elementor elementor-600\" data-elementor-settings=\"[]\">\n\t\t\t\t\t\t<div class=\"elementor-inner\">\n\t\t\t\t\t\t\t<div class=\"elementor-section-wrap\">\n\t\t\t\t\t\t\t<section class=\"elementor-section elementor-top-section elementor-element elementor-element-46d9381 elementor-section-boxed elementor-section-height-default elementor-section-height-default\" data-id=\"46d9381\" data-element_type=\"section\">\n\t\t\t\t\t\t<div class=\"elementor-container elementor-column-gap-default\">\n\t\t\t\t\t\t\t<div class=\"elementor-row\">\n\t\t\t\t\t<div class=\"elementor-column elementor-col-50 elementor-top-column elementor-element elementor-element-139e170\" data-id=\"139e170\" data-element_type=\"column\">\n\t\t\t<div class=\"elementor-column-wrap elementor-element-populated\">\n\t\t\t\t\t\t\t<div class=\"elementor-widget-wrap\">\n\t\t\t\t\t\t<div class=\"elementor-element elementor-element-8fedaca elementor-widget elementor-widget-image\" data-id=\"8fedaca\" data-element_type=\"widget\" data-widget_type=\"image.default\">\n\t\t\t\t<div class=\"elementor-widget-container\">\n\t\t\t\t\t\t\t\t<div class=\"elementor-image\">\n\t\t\t\t\t\t\t\t\t\t\t\t<img width=\"1000\" height=\"562\" src=\"https:\/\/tabsmexico.com\/wp-content\/uploads\/2021\/02\/Servidores-y-equipo-de-computo-v9-1000-min.jpg\" class=\"attachment-large size-large\" alt=\"\" loading=\"lazy\" srcset=\"https:\/\/tabsmexico.com\/wp-content\/uploads\/2021\/02\/Servidores-y-equipo-de-computo-v9-1000-min.jpg 1000w, https:\/\/tabsmexico.com\/wp-content\/uploads\/2021\/02\/Servidores-y-equipo-de-computo-v9-1000-min-300x169.jpg 300w, https:\/\/tabsmexico.com\/wp-content\/uploads\/2021\/02\/Servidores-y-equipo-de-computo-v9-1000-min-768x432.jpg 768w\" sizes=\"(max-width: 1000px) 100vw, 1000px\" \/>\t\t\t\t\t\t\t\t\t\t\t\t\t\t<\/div>\n\t\t\t\t\t\t<\/div>\n\t\t\t\t<\/div>\n\t\t\t\t\t\t<\/div>\n\t\t\t\t\t<\/div>\n\t\t<\/div>\n\t\t\t\t<div class=\"elementor-column elementor-col-50 elementor-top-column elementor-element elementor-element-ceb9e73\" data-id=\"ceb9e73\" data-element_type=\"column\">\n\t\t\t<div class=\"elementor-column-wrap elementor-element-populated\">\n\t\t\t\t\t\t\t<div class=\"elementor-widget-wrap\">\n\t\t\t\t\t\t<div class=\"elementor-element elementor-element-2e8308d elementor-widget elementor-widget-heading\" data-id=\"2e8308d\" data-element_type=\"widget\" data-widget_type=\"heading.default\">\n\t\t\t\t<div class=\"elementor-widget-container\">\n\t\t\t<h2 class=\"elementor-heading-title elementor-size-default\">Servidores y equipo de computo<\/h2>\t\t<\/div>\n\t\t\t\t<\/div>\n\t\t\t\t<div class=\"elementor-element elementor-element-7090978 elementor-widget elementor-widget-text-editor\" data-id=\"7090978\" data-element_type=\"widget\" data-widget_type=\"text-editor.default\">\n\t\t\t\t<div class=\"elementor-widget-container\">\n\t\t\t\t\t\t\t\t<div class=\"elementor-text-editor elementor-clearfix\">\n\t\t\t\t<p><strong>Ventajas del servidor local<\/strong><\/p><ul><li>Privacidad: Lo m\u00e1s importante es ser el due\u00f1o <u>absoluto<\/u> de tus datos. &#8230;<\/li><li>Aplicaciones: Una de las mayores ventajas es: que puedes instalar varias aplicaciones cliente-servidor y explotar las tambi\u00e9n varias funciones que tiene inherente, como: DNS, DHCP, directorio activo, etc.<\/li><li>Escalable: te has encontrado en la situaci\u00f3n que requieres m\u00e1s espacio y los servicios en la nube te lo dan a un precio elevado. Esto no pasa con uno propio por lo general tienen gran capacidad y sino lo \u00fanico que tendr\u00edas que hacer es agregar discos duros.<\/li><li>Respaldo de Datos: Lo puedes hacer en discos externos y en la nube es un servicio adicional<\/li><li>Mantenimiento: Un servidor casi no necesita mantenimiento ya que est\u00e1n dise\u00f1aos para trabajar 24\/7.<\/li><li>Disponibilidad: 99% disponible, quiz\u00e1 para mantenimiento y en caso de falla tendr\u00e1s tus datos ah\u00ed solo tendr\u00e1s que extraerlos.<\/li><li>Conectividad: Es m\u00e1s r\u00e1pida en tu red local y similar remotamente<\/li><li>Seguridad: Al tenerlo f\u00edsicamente en tu negocio t\u00fa lo controlas.<\/li><\/ul>\t\t\t\t\t<\/div>\n\t\t\t\t\t\t<\/div>\n\t\t\t\t<\/div>\n\t\t\t\t\t\t<\/div>\n\t\t\t\t\t<\/div>\n\t\t<\/div>\n\t\t\t\t\t\t\t\t<\/div>\n\t\t\t\t\t<\/div>\n\t\t<\/section>\n\t\t\t\t\t\t<\/div>\n\t\t\t\t\t\t<\/div>\n\t\t\t\t\t<\/div>\n\t\t","protected":false},"excerpt":{"rendered":"<p>Servidores y equipo de computo Ventajas del servidor local Privacidad: Lo m\u00e1s importante es ser el due\u00f1o absoluto de tus datos. &#8230; Aplicaciones: Una de las mayores ventajas es: que puedes instalar varias aplicaciones cliente-servidor y explotar las tambi\u00e9n varias funciones que tiene inherente, como: DNS, DHCP, directorio activo, etc. Escalable: te has encontrado en &hellip;<\/p>\n<p class=\"read-more\"> <a class=\"\" href=\"https:\/\/tabsmexico.com\/index.php\/servidores-y-equipo-de-computo\/\"> <span class=\"screen-reader-text\">Servidores y equipo de computo<\/span> Read More &raquo;<\/a><\/p>\n","protected":false},"author":1,"featured_media":0,"parent":0,"menu_order":0,"comment_status":"closed","ping_status":"closed","template":"","meta":[],"_links":{"self":[{"href":"https:\/\/tabsmexico.com\/index.php\/wp-json\/wp\/v2\/pages\/600"}],"collection":[{"href":"https:\/\/tabsmexico.com\/index.php\/wp-json\/wp\/v2\/pages"}],"about":[{"href":"https:\/\/tabsmexico.com\/index.php\/wp-json\/wp\/v2\/types\/page"}],"author":[{"embeddable":true,"href":"https:\/\/tabsmexico.com\/index.php\/wp-json\/wp\/v2\/users\/1"}],"replies":[{"embeddable":true,"href":"https:\/\/tabsmexico.com\/index.php\/wp-json\/wp\/v2\/comments?post=600"}],"version-history":[{"count":15,"href":"https:\/\/tabsmexico.com\/index.php\/wp-json\/wp\/v2\/pages\/600\/revisions"}],"predecessor-version":[{"id":626,"href":"https:\/\/tabsmexico.com\/index.php\/wp-json\/wp\/v2\/pages\/600\/revisions\/626"}],"wp:attachment":[{"href":"https:\/\/tabsmexico.com\/index.php\/wp-json\/wp\/v2\/media?parent=600"}],"curies":[{"name":"wp","href":"https:\/\/api.w.org\/{rel}","templated":true}]}}